751, 3*k - 8*q + 727 = -10*q. Let d = -201 - k. What is the greatest common divisor of 33 and d?
11
Let t(m) = 107*m - 2466. Let o be t(24). Calculate the highest common divisor of 68 and o.
34
Let w = 23 + -19. Let t(c) = c**3 - 5*c**2 + 7*c - 7. Let i be t(w). Suppose -74 = -i*r + 61. Calculate the highest common factor of 3 and r.
3
Let z be 30/(-135) + -4*28935/(-324). Calculate the greatest common divisor of z and 882.
21
Suppose -4*w + 412 = 2*o, 2*w - 1 = -3. Suppose -34*a + 544*a = 53*a + 7312. Calculate the greatest common divisor of o and a.
16
Suppose -5*u + 20*c + 87441 = 19*c, -4*c = u - 17463. What is the greatest common divisor of 201 and u?
201
Suppose -2*m = 3*m - 135. Let h = -132 - -135. What is the greatest common divisor of m and h?
3
Let y(a) = 11*a - 15. Suppose -24 = -r - 7*r. Suppose -3*f = r - 21. Let t be y(f). What is the highest common factor of 68 and t?
17
Suppose -316*v + 317*v - 411 = 901. What is the greatest common divisor of 902 and v?
82
Let d(c) = 4*c**3 + 9*c**2 + 15*c - 38. Let v be d(12). Calculate the greatest common divisor of 50 and v.
50
Suppose 4*w = 3*w + 10. Suppose -57489 + 41739 = -225*g. What is the highest common factor of w and g?
10
Let c(i) = i**3 - 24*i**2 + 138*i - 1267. Let d be c(25). What is the highest common divisor of d and 540?
108
Let u(o) = 5*o**2 - 2*o - 104. Let b be u(6). What is the greatest common factor of b and 6304?
32
Suppose 0 = h - 9*h + 224. Suppose -u - 118 = -5*o, -3*o - h = 3*u - 88. Calculate the highest common factor of o and 161.
23
Suppose -5*t = d + 637, 5*t + 398 = -4*d - 2210. Let p = d + 669. What is the highest common divisor of p and 34?
2
Let f(t) = 142*t - 82. Let c be f(15). Let p be ((-2)/7)/1 - c/(-112). What is the greatest common factor of 576 and p?
18
Suppose -674*l = -670*l - 168. What is the greatest common divisor of 12999 and l?
21
Suppose 475013*o - 474992*o - 84 = 0. What is the greatest common factor of 1024 and o?
4
Suppose -13*y + 8*y = -50. Let n be (y/6)/((-3)/(-162)). Suppose 0 = p + 2*q - 40, 3*p - q - 18 = 88. Calculate the greatest common factor of p and n.
18
Suppose 33 - 1 = 8*o. Let p be 13 - -3*(o + (-65)/15). Calculate the highest common divisor of p and 40.
4
Let i = 22 - 2. Suppose -15*w - 10 = -i*w. Suppose 0 = -2*c - g + 2, -c + g - 1 = 2*g. Calculate the highest common divisor of w and c.
1
Let s(r) = -19*r + 14. Let o be s(-13). Suppose o = -6*g - 105. Let m = -24 - g. Calculate the highest common factor of 407 and m.
37
Let p(x) = 2*x**2 + 5*x - 7. Suppose 0 = 5*w + 3*d - 0 + 14, -2*w = 3*d + 2. Let j be p(w). What is the greatest common factor of j and 45?
5
Let o(n) = -n**2 + 4*n + 12. Let p be o(5). Suppose -163*k - 41*k + 24276 = 0. Calculate the highest common factor of k and p.
7
Suppose 68*i - 2152 - 9932 - 768 = 0. Calculate the greatest common divisor of i and 33.
3
Let s be (-2350)/45 - 2/(-9). Let u = 115 + s. Let t = -56 + 63. What is the highest common divisor of t and u?
7
Let w be (-30 + 38 + -21)*(-15 - (1 + -1)). Let b = 48 + -45. Calculate the highest common divisor of b and w.
3
Let t = -26 - -30. Let z = 102 + 158. Suppose -130 = -x - 5*j, j + t*j = -2*x + z. Calculate the greatest common divisor of x and 10.
10
Let a = -60 + 48. Let p be (-4)/(64/a)*12. Suppose -x = -p*x + 1008. What is the highest common divisor of x and 14?
14
Let w(j) = -18*j - 104. Suppose -4*d + 28 = -5*d + 5*s, 4*d + 2*s + 90 = 0. Let m be w(d). Calculate the highest common divisor of m and 62.
62
Suppose 0 = r - 5*m - 1329, 5*r - 37*m = -36*m + 6789. Calculate the greatest common divisor of r and 27.
9
Let u = 6632 + -5862. What is the highest common divisor of 1400 and u?
70
Let b = -143 - -115. Let h(w) = 2*w**2 + 56*w + 5. Let t be h(b). What is the highest common factor of t and 60?
5
Suppose -1367*d + 1358*d = -324. Let z(i) = i**3 + 6*i**2 - 9*i - 2. Let o be z(-7). Let a = o - 8. What is the greatest common divisor of a and d?
4
Suppose 0 = -12*i + 1032 + 996. Suppose -5*b - i + 554 = 0. Calculate the greatest common divisor of b and 7.
7
Let c(q) = -6*q**3 - 7*q**2 + 9*q - 4. Let p(m) = m**3 - 2*m. Let n(v) = -c(v) - 5*p(v). Let s be n(-6). Calculate the highest common factor of 272 and s.
34
Let l(p) = 2*p + 15. Suppose 6*b - 4*b = 34. Suppose 4*g + 3*n = b - 45, 4*n = -2*g - 24. Let r be l(g). What is the greatest common divisor of 7 and r?
7
Let x(t) = 268*t - 1479. Let d be x(6). What is the greatest common factor of d and 6?
3
Let b(t) = 3*t**3 - 17*t**2 + 29*t - 27. Let v be b(5). Calculate the greatest common divisor of v and 8.
4
Let v be (4/(56/77))/((-1)/(-2)). What is the greatest common factor of v and 11748?
11
Suppose 36 = 86*g - 95*g. Let u be 18/g*2/(-6)*4. What is the highest common divisor of u and 54?
6
Let v be ((-228)/(-285) - (-2)/(-10))/((-11)/(-3795)). Suppose 548 = 5*x - 142. Calculate the highest common factor of v and x.
69
Let u = -27520 - -27546. Calculate the highest common divisor of 30433 and u.
13
Suppose -1732 = -5*w - 2*a, 4*w - 262*a + 264*a = 1384. What is the greatest common factor of 2262 and w?
174
Let v be 3*8/(-60)*-15*1. Let t(u) = u**3 - 11*u**2 + 13*u - 8. Let h be t(v). Let a be (-1)/5 + (-2332)/h. Calculate the greatest common factor of a and 14.
7
Let x be (-6 - 132/11)*-1. Calculate the highest common factor of x and 909.
9
Let o(k) = -k**3 + 6*k**2 - 6*k - 1. Let n be o(5). Let y(b) = -6 - 16 - 6 + 24 - 6*b - 18. Let a be y(n). What is the greatest common divisor of 21 and a?
7
Suppose -215*r = -207*r - 336. What is the greatest common factor of r and 28?
14
Let i = 141 + -61. Let g = -19016 + 19020. What is the highest common divisor of g and i?
4
Suppose 0*u + 7150 = 6*u + 19*u. Suppose -a - 4*k + 22 = 0, a + k - 30 = 5*k. Calculate the highest common factor of a and u.
26
Let u = -232 - -235. Suppose -u*d = 6 + 3, -69 = -2*j - d. What is the greatest common factor of j and 252?
36
Let h = 75 - 79. Let b(i) = 4*i**3 + 8*i**2 + 2*i - 7. Let q be b(h). Let g = q - -262. Calculate the greatest common factor of 17 and g.
17
Let o(h) = 13*h**2 + 79*h - 324. Let u(p) = 3*p**2 + 20*p - 81. Let g(a) = 2*o(a) - 9*u(a). Let m be g(-24). Calculate the highest common divisor of m and 1.
1
Let v be (-1651)/(-65) + 6/(-15). Suppose -29 - v = -3*h. Calculate the highest common divisor of 288 and h.
18
Suppose 1623 = 13*u - 7594. Suppose -4*o - 5*t + u = 0, 2*o - 3*o - 2*t + 178 = 0. What is the greatest common divisor of 44 and o?
44
Let v(b) = b**3 + 11*b**2 - 31*b - 147. Let j be v(-9). Calculate the highest common divisor of 315 and j.
21
Let f = 466 + 146. What is the highest common divisor of f and 36?
36
Let a = 29 + 26. Let v = -55 + a. Suppose v = -r - 105 + 107. What is the greatest common divisor of r and 2?
2
Let d = 11 - 5. Let g(f) = -f**3 - 12*f**2 + 4*f + 9. Let o be g(-13). Let h = 204 - o. Calculate the greatest common factor of h and d.
6
Let x be ((-1)/2)/((-2)/28). Suppose 0*p = 2*p + 10, -2*w + 38 = 2*p. Let t = w + 32. Calculate the greatest common factor of x and t.
7
Let a = 2 - -1. Let m(q) = -6*q**2 - 123*q - 41. Let n be m(-20). Suppose -4*g + n + 42 = -w, -3*g = a*w - 57. What is the greatest common factor of g and 32?
16
Let n(s) = 3*s**2 + 32*s + 17. Let c be n(-12). Let m = c + -56. Suppose -4*u = -m*u + 30. What is the greatest common factor of u and 15?
3
Let g = 4181 - 689. What is the greatest common factor of g and 48?
12
Let s(k) = -107*k + 7. Let c be s(-7). Suppose -14*n + 90 = -9*n. Calculate the highest common factor of n and c.
18
Let o(u) = u - 20. Let c be o(20). Let z(b) = -b**3 - b**2 - 5*b + 1334. Let m be z(c). Calculate the highest common factor of m and 23.
23
Let l = 35631 + -32831. Calculate the highest common factor of l and 225.
25
Suppose -3*b + 4*a + 631 = 0, -5*b - 494 = 4*a - 1567. What is the greatest common factor of 2201 and b?
71
Let j(k) = -18*k**2 + 17*k - 25. Let n be j(11). Let z be (n/(-35))/16*5/3. Calculate the greatest common divisor of 4 and z.
2
Suppose -3968*t + 770 = -3961*t. What is the highest common factor of 140 and t?
10
Suppose -4*f = -5*a - 8 + 22, 0 = a - 4*f - 6. Suppose -4*s + a*m + 3*m + 140 = 0, -5*m = -2*s + 60. Calculate the greatest common factor of 680 and s.
40
Suppose 0 = -h - 4*v + 89